est common divisor of 2331 and 12625263.
63
What is the highest common factor of 64728 and 16718616?
2088
Calculate the highest common divisor of 77676489 and 324.
81
Calculate the highest common divisor of 8817526 and 697.
17
What is the greatest common divisor of 96 and 1432374?
6
What is the highest common divisor of 739 and 24414343?
739
Calculate the highest common factor of 2485 and 32484417.
497
What is the greatest common divisor of 302 and 75562363?
151
Calculate the highest common divisor of 1460106 and 2106.
162
Calculate the greatest common factor of 959548334 and 25496.
6374
What is the highest common divisor of 449493 and 30840?
771
Calculate the highest common factor of 112712 and 942284.
292
Calculate the highest common factor of 37412228 and 12.
4
Calculate the greatest common divisor of 1022 and 21615957.
73
Calculate the highest common divisor of 4587852 and 246.
6
Calculate the highest common factor of 96751 and 51584.
31
Calculate the highest common factor of 219457 and 346619.
2051
What is the highest common divisor of 47059843 and 22383?
829
What is the highest common factor of 599544 and 6424?
88
What is the highest common factor of 1089136 and 1664?
16
Calculate the greatest common factor of 815 and 3803279.
163
What is the highest common factor of 267409 and 4756?
29
Calculate the greatest common factor of 788686 and 3475.
139
What is the greatest common factor of 58 and 9504953?
29
What is the highest common factor of 15302442 and 12?
6
What is the highest common factor of 91125888 and 192?
192
Calculate the greatest common divisor of 12 and 113859.
3
What is the highest common divisor of 15564 and 10409722?
2594
Calculate the greatest common factor of 2799542 and 6244.
446
What is the highest common divisor of 16640 and 51036?
4
Calculate the greatest common factor of 4276 and 837072967.
1069
What is the greatest common divisor of 1203316 and 1483948?
4252
What is the greatest common divisor of 27 and 110769129?
9
Calculate the greatest common factor of 144711 and 62.
1
Calculate the highest common factor of 20417910 and 105.
15
What is the greatest common factor of 48 and 1350992?
16
What is the highest common divisor of 121365306 and 36?
18
What is the highest common divisor of 52271285 and 277?
277
Calculate the greatest common divisor of 12272 and 711100.
52
What is the highest common divisor of 4434615 and 421794?
2889
What is the highest common factor of 2439484 and 18020?
212
Calculate the greatest common divisor of 14500310 and 550.
110
What is the highest common divisor of 5055338 and 2987?
29
What is the greatest common factor of 35404 and 2717424?
668
What is the highest common factor of 1625092 and 9525?
127
Calculate the greatest common divisor of 240480 and 6403680.
1440
Calculate the highest common factor of 7073072 and 1952.
976
What is the highest common divisor of 5958978 and 4321?
29
Calculate the greatest common divisor of 37906 and 75702.
22
What is the greatest common divisor of 106 and 1522187136?
106
Calculate the greatest common divisor of 46 and 19265.
1
Calculate the highest common divisor of 420782485 and 2735.
2735
Calculate the greatest common divisor of 2809 and 126545450.
2809
What is the highest common divisor of 17082 and 5582018?
1898
Calculate the greatest common divisor of 178916022 and 6021.
2007
What is the highest common factor of 1191 and 12671049?
1191
Calculate the highest common divisor of 2550 and 1830650.
50
What is the greatest common divisor of 2811165 and 1007370?
4305
What is the highest common factor of 158 and 5552831?
79
What is the highest common divisor of 1572899236 and 3526?
3526
What is the highest common factor of 408 and 665108?
68
Calculate the greatest common factor of 8569800 and 613170.
810
Calculate the highest common factor of 88686 and 141570.
234
Calculate the greatest common factor of 178 and 1621366489.
89
Calculate the greatest common factor of 7841777320 and 3835.
3835
What is the highest common divisor of 3872475 and 108?
27
What is the highest common factor of 376193032 and 566?
566
What is the greatest common factor of 14 and 3199230?
2
What is the highest common divisor of 14177700 and 90860?
1180
What is the highest common divisor of 47186224 and 13936?
1072
Calculate the greatest common factor of 5844825 and 80325.
4725
What is the highest common divisor of 184008 and 488433?
1353
Calculate the greatest common divisor of 126 and 35523468.
18
What is the highest common factor of 17045 and 57141658?
3409
What is the highest common factor of 4246599 and 987?
21
What is the highest common divisor of 20069 and 988505?
427
What is the greatest common divisor of 1233 and 260648391?
411
Calculate the greatest common divisor of 256065766 and 6634.
6634
What is the greatest common divisor of 24 and 3971048?
8
What is the greatest common divisor of 191338 and 6958?
14
Calculate the highest common divisor of 2745 and 2828151.
9
Calculate the greatest common divisor of 87933048 and 1722.
42
What is the greatest common divisor of 204 and 2536032?
12
What is the highest common factor of 25568826 and 4086?
1362
What is the highest common divisor of 230586 and 34194?
6
Calculate the highest common factor of 7383 and 2590149.
321
What is the highest common divisor of 6000 and 173088?
48
What is the greatest common divisor of 265 and 33916820?
265
What is the greatest common divisor of 785185 and 15?
5
Calculate the greatest common divisor of 297 and 263637.
99
What is the greatest common factor of 3791291476 and 3164?
3164
Calculate the greatest common divisor of 6650 and 16099118.
266
Calculate the highest common factor of 54008080 and 1120.
560
What is the highest common factor of 1142256 and 48?
48
Calculate the highest common divisor of 750 and 10261750.
250
What is the greatest common factor of 692587 and 2464560?
1141
What is the greatest common divisor of 865223 and 16523?
41
What is the greatest common divisor of 13622024 and 208?
104
Calculate the greatest common factor of 17764150 and 54400.
850
Calculate the highest common factor of 1714023 and 3698.
1849
What is the greatest common divisor of 469 and 6499997?
7
Calculate the highest common divisor of 1669030 and 286.
22
Calculate the highest common divisor of 21628242 and 3456.
54
Calculate the greatest common factor of 110252 and 315372.
2564
Calculate the greatest common factor of 62481570 and 72006.
6546
Calculate the highest common divisor of 275412 and 31068.
12
What is the greatest common divisor of 547305 and 271245?
1605
Calculate the highest common divisor of 841304 and 1415014.
206
Calculate the greatest common factor of 104 and 126751144.
104
Calculate the greatest common divisor of 414601 and 352.
11
Calculate the highest common divisor of 156296 and 711928.
56
Calculate the greatest common divisor of 16086 and 54449961.
1149
What is the highest common factor of 37017 and 15101565?
1371
What is the highest common divisor of 73414 and 76143666?
6674
What is the highest common factor of 896 and 221536?
224
Calculate the highest common divisor of 28627025 and 1225.
1225
Calculate the highest common factor of 85275 and 378450.
225
Calculate the greatest common divisor of 19680 and 1867776.
96
Calculate the greatest common divisor of 2271 and 12707759.
757
What is the greatest common factor of 26114810 and 30?
10
What is the greatest common factor of 96 and 4860816?
48
Calculate the greatest common divisor of 245007 and 31941.
63
Calculate the greatest common factor of 151652238 and 6.
6
Calculate the highest common factor of 1631 and 85609559.
1631
Calculate the greatest common factor of 10290 and 700406.
686
What is the highest common factor of 885709 and 26499?
803
Calculate the highest common divisor of 19245587 and 37.
37
What is the highest common factor of 676884 and 2304?
12
Calculate the highest common divisor of 11207400 and 50700.
300
What is the highest common factor of 5249213 and 151?
151
What is the greatest common divisor of 100548 and 721525?
931
What is the greatest common divisor of 92233720 and 160?
40
Calculate the highest common factor of 25568566 and 5886.
218
What is the highest common divisor of 378370 and 4060805?
785
What is the greatest common divisor of 3